 o be (-1 - (3 + 8)) + f. Let b(q) = -q**2 - 16*q + 7. What are the prime factors of b(o)?
2, 31
Suppose 0*w + 2*w - r = -57, 88 = -3*w - r. Let a = w - -53. Let b = a - -2. What are the prime factors of b?
2, 13
Let u = 25 + -18. Suppose 0 = 5*t + u - 37. Let v = -3 + t. List the prime factors of v.
3
Let w = 5 + 8. Suppose 0 = -0*x + 3*x + 5*h - 39, 15 = 3*x - 3*h. Let p = w - x. What are the prime factors of p?
5
Let k(i) = i + 14. Suppose 6*u + 3*q = 3*u + 33, 5*u = 3*q + 55. List the prime factors of k(u).
5
Suppose 11*l - 1568 = 7155. What are the prime factors of l?
13, 61
Suppose -3*i + 3*j = -2334, 2*j + 10 = 7*j. List the prime factors of i.
2, 3, 5, 13
Suppose -4*z + 8*r = 7*r - 2137, -4*z - 4*r = -2152. List the prime factors of z.
5, 107
Suppose r - 4*f - 1 - 2 = 0, -2*r = -4*f - 6. Suppose 0 = -5*l - r*a + 608, -4*l - 72 = a - 557. What are the prime factors of l?
11
Let n(c) = -4*c**3 - 3*c**2 + 17*c + 24. List the prime factors of n(-5).
2, 7, 13
Let o(b) be the second derivative of -7*b**3/6 - 2*b**2 + 2*b. Let h be o(3). Let k = h + 45. List the prime factors of k.
2, 5
Suppose 0 = 4*p - 2*x - 10192, x - 1927 = -p + 621. List the prime factors of p.
2, 7, 13
Let z(o) = o**2 - 11*o + 14. Let x be z(10). Suppose 0*p + g - 10 = 5*p, 5*p = -x*g - 10. Let t(j) = -5*j + 2. What are the prime factors of t(p)?
2, 3
Let f = 73 - 130. What are the prime factors of ((-1463)/f)/((-34)/18 - -2)?
3, 7, 11
Let y = 6096 - 3038. List the prime factors of y.
2, 11, 139
Let c = 6867 + -4000. What are the prime factors of c?
47, 61
What are the prime factors of 2 + 220 + (-12)/(9/3)?
2, 109
Let o be 75/40 - 2/(-16). Let f be 6 + 3 + -2 + -2. Suppose -4*a = 2*m + 4 - 12, o*m = f*a - 1. List the prime factors of m.
2
Suppose -2*r - b + 35 = r, -4*b = -20. List the prime factors of (42/r)/(8/200).
3, 5, 7
Let t(q) be the first derivative of -q**6/360 - q**5/120 + 5*q**4/8 + q**3/3 + 3. Let l(y) be the third derivative of t(y). What are the prime factors of l(0)?
3, 5
Suppose -56*t + 68*t - 31164 = 0. What are the prime factors of t?
7, 53
Suppose -z + 15 = -s, -4*s + 2*s - z = 15. Let a = 7 + s. What are the prime factors of (a/(-2))/((-12)/(-280))?
5, 7
Suppose 4*i - 3*s = 733, -i + 27 + 185 = 5*s. Let a = -123 + i. Suppose a = 3*m - 68. What are the prime factors of m?
2, 11
What are the prime factors of 124416/162 + (-5)/(-1 - 0)?
773
Suppose k = 4*g - 243, g - 6*g + 306 = k. Suppose -z - 18 = 2*x + 4, g = -5*x - 4*z. Let d(q) = -2*q + 4. List the prime factors of d(x).
2, 11
Let o(x) = x**2 - 15*x - 17. Let s(r) = -r**2 + 9*r + 5. Let w be s(7). Let m be o(w). Suppose 0 = -3*f - 5*g + m, f = g + 29 - 4. List the prime factors of f.
23
Suppose -2*w + 10 = 0, 2*w - 414 = 2*u - 2928. List the prime factors of u.
2, 631
Let z(c) = 26*c - 5 - 70*c + 3. List the prime factors of z(-1).
2, 3, 7
Suppose 5*u + 34 = 3*y, -y - 4 = u - 2. Suppose 1 - 16 = -y*g. Let c(k) = 2*k**2 - 9*k + 10. What are the prime factors of c(g)?
3, 5
Suppose 0*i - 4*u = -3*i + 70, 4*i - 5*u - 94 = 0. Suppose 3*n - t - 138 = 2*t, 0 = n - 5*t - i. What are the prime factors of n?
3, 17
Suppose 0 = -m - 4 + 7. Suppose s - 168 = m*v - 3, 4*s = v + 605. List the prime factors of s.
2, 3, 5
Suppose -4*j - 5*o + 168 + 25 = 0, j + 4*o = 62. Let w = -15 + j. Suppose -y = -0*y - w. What are the prime factors of y?
3
Let l = 19 - 12. Suppose -457 = -l*d + 488. What are the prime factors of d?
3, 5
Let l = 37 + -29. What are the prime factors of (-3)/(6/(-314)*(l + -7))?
157
Let w be (1/(-2))/(2/12). What are the prime factors of (0 + -2)*(w - 7)?
2, 5
Suppose 3*s = -0*s + 2*m - 409, 2*s = -5*m - 241. Let q = -53 - s. Suppose 4*j - q = -28. What are the prime factors of j?
13
Let j(d) = -160*d**3 - 14*d - 24. What are the prime factors of j(-2)?
2, 3, 107
Let z(p) be the third derivative of -p**5/60 + 7*p**4/12 - 5*p**3/6 + 15*p**2. List the prime factors of z(11).
2, 7
What are the prime factors of (12*200/90)/(6/783)?
2, 3, 5, 29
Suppose 0*u = 5*u. Suppose u*g - 2*g = -112. List the prime factors of g.
2, 7
Let l(v) = -25*v - 1. Let p be l(-1). Suppose -4*g - g + 15 = 0, 4*z = -4*g + p. Suppose 3*t - 49 = 4*d, 29 = z*t + 4*d - 3*d. List the prime factors of t.
11
Suppose 9*r + 194 = 1760. Suppose 0 = -3*t - 18 + r. What are the prime factors of t?
2, 13
Suppose 25*y - 29001 = 5424. List the prime factors of y.
3, 17
Let i(g) = 5*g**3 + g + 1. Let t be (-45)/35 + 2/7. Let d be i(t). Let k = d - -11. What are the prime factors of k?
2, 3
Suppose 0*h + 403 = 4*o - 3*h, o = -3*h + 112. Let j = o - -44. What are the prime factors of j?
3, 7
Suppose 4*g + 176 + 36 = 0. Let j = 0 - g. What are the prime factors of j?
53
Let b(l) = 2*l + 5*l - 3*l - 11 - 2*l. What are the prime factors of b(8)?
5
Let n be 168/(-12)*2/4*-11. Suppose -109 - n = -2*c. What are the prime factors of c?
3, 31
Let g(a) = 325*a + 5. Let d be g(-6). List the prime factors of d/(-85) + (-2)/(-17).
23
Suppose -x + 0*x + 48 = 0. Suppose -5*u = -6*u + x. What are the prime factors of u?
2, 3
Let z = 47 + -47. Suppose z = -2*j + y + 89, -j + 5*y + 215 = 4*j. What are the prime factors of j?
2, 23
Let w(x) be the second derivative of 1/2*x**3 + 0 - 4*x - 8*x**2. What are the prime factors of w(12)?
2, 5
Suppose 0*a + 2*a = 2*x - 11218, -3*x = -5*a - 16831. List the prime factors of x.
3, 7, 89
Let y = 17 - 12. Let m be (-54)/((-8)/(7 - 3)). Suppose -n + y*s + m = -12, s = -2*n + 56. List the prime factors of n.
29
What are the prime factors of -5*(10 - 10136/35)?
2, 3, 233
Suppose 4*i + 10*b - 6700 = 14*b, 3*b - 5013 = -3*i. What are the prime factors of i?
7, 239
Let j = -4 + 6. Suppose 5*s + t = 154 + 366, -4*t = -j*s + 186. What are the prime factors of s?
103
Let v(h) = -h**2 - h + 21. Let o be ((-6)/9)/((-2)/9). Suppose -o*b = -2*b. What are the prime factors of v(b)?
3, 7
Suppose 3*m - 1 = 5. Suppose 211 = m*i - 45. List the prime factors of i.
2
Let f(a) = a**3 - 14*a**2 - 10*a + 53. List the prime factors of f(17).
2, 3, 5
Suppose 2*j - s - 265 = 2*s, -s = 3. What are the prime factors of j?
2
What are the prime factors of 507/1 + (-3 - -15)/(-3)?
503
Let v(q) = 7*q - 2. Let j be v(3). Let u = 42 - j. Let o = u - 16. What are the prime factors of o?
7
What are the prime factors of (-175860)/(-102) + (-12)/102?
2, 431
Let p(u) = u + 4. Let c be p(4). Suppose c = m + m. Suppose -8 = -2*l + m. What are the prime factors of l?
2, 3
What are the prime factors of 628 + -7 + (4 - 2)?
7, 89
Suppose 0 = -v + 6*v - 105. Let t(w) = -w**2 + 7*w - 3. Let f be t(6). What are the prime factors of v - ((-8)/2 + f)?
2, 11
What are the prime factors of ((-7)/5)/(3 - 768/255)?
7, 17
Let w be 2/(-6) - 3/(-9). Suppose 0 = 3*u + 15, 4*v - u = -w*v + 169. Suppose 20 = 4*j + 2*l, v = 2*j - 5*l + 7. What are the prime factors of j?
7
Let f be 2*3*(-8)/(-16). Suppose -f*j + j - 28 = 0. Let g = j - -35. What are the prime factors of g?
3, 7
Let z be (310/2)/5 + 1. Let b = z + -29. Suppose 0 = -s - 2*k + 46, -5*s + 146 = b*k - 105. What are the prime factors of s?
2, 13
Let y = -24 - 0. List the prime factors of y + 223 - (-5 + 0).
2, 3, 17
What are the prime factors of (-112)/(-392) + (-29074)/(-14)?
31, 67
Let w = 21212 - 15005. List the prime factors of w.
3, 2069
Let f(g) = -g**3 + 7*g**2 + 12*g + 2. Let j be f(9). Let x = -37 - j. What are the prime factors of x?
3, 5
Suppose c = -1 + 6. Suppose -2*j - 8 = -4*b, -5 + 0 = -5*j + 5*b. Suppose 17 = j*i - c*i. List the prime factors of i.
17
Let j = -1410 + 2725. List the prime factors of j.
5, 263
Let b be 2 - (-336)/(-4 + 0). Let h = -27 - b. What are the prime factors of h?
5, 11
Let y be (59/2)/(4/(-8)). Let q = y + 112. What are the prime factors of q?
53
Suppose -4*o + 1340 + 604 = 0. List the prime factors of o.
2, 3
Suppose -5*d + 25 = -0*d. Let u(g) = g**2 + 8. What are the prime factors of u(d)?
3, 11
List the prime factors of (57/(-4))/(12/(-8))*8.
2, 19
Let q(u) = 24*u**2 + u + 2. Let w(g) = g**2 - 7*g - 6. Let s be w(8). What are the prime factors of q(s)?
2, 5
Suppose -4*w + 12 = 0, -3*m + 3*w = -2752 - 1895. List the prime factors of m.
2, 97
Suppose 34*w - 2520 = 2614. List the prime factors of w.
151
Let f = 1678 + -870. List the prime factors of f.
2, 101
Suppose -4*p = 